 2*k + 4 + 0*k**2 - k - k**2. Let l be i(o). Calculate the greatest common divisor of 70 and l.
14
Let w(u) = 66*u**2 - 2*u - 2. Let a be w(-1). Calculate the highest common divisor of 18 and a.
6
Suppose 0 = 5*o, 3*d - 3*o + 4*o = 6. Suppose 74 + 76 = d*q. What is the highest common factor of 30 and q?
15
Suppose 0 = -2*i - 0*i + 48. Suppose -16 = -m + i. Calculate the highest common factor of m and 16.
8
Let x = 152 + -135. What is the highest common factor of 17 and x?
17
Suppose 3*o = 17 - 2. Suppose 5*b + 3*b = 48. Suppose 0 = -o*z + 16 - b. What is the highest common divisor of 4 and z?
2
Suppose 4 = -2*i + 16. Suppose i*b - 85 = -13. Let q be 24*3/(-15)*-15. What is the greatest common divisor of b and q?
12
Let k = -1866 + 2002. What is the greatest common divisor of k and 748?
68
Let k = -557 - -1448. What is the greatest common factor of 9 and k?
9
Suppose 0 = 2*k - 5*o - 634, 8*k - 1550 = 3*k - 5*o. Calculate the greatest common divisor of 234 and k.
78
Suppose 0 = 50*g - 98*g + 161568. What is the highest common divisor of 34 and g?
34
Let r(a) be the second derivative of a**3/2 + a**2 - 8*a. Let h be r(-9). Let z be 85/(-34)*(h + 1). Calculate the highest common factor of 15 and z.
15
Let g = -17 - -18. What is the greatest common factor of 26 and g?
1
Let u(z) = -4*z**2 - 6*z + 4. Let s(d) = -3*d**2 - 6*d + 5. Let l(c) = -3*s(c) + 2*u(c). Let h be l(2). Calculate the highest common factor of h and 72.
9
Let f = 28 + -20. Let j be (-7)/4*f/(-2) + 0. Calculate the greatest common divisor of j and 56.
7
Suppose -3*j + 460 = -233. Calculate the highest common factor of j and 252.
21
Let o(b) = -4*b**2 - 7*b + 11. Let r be o(6). Let t be ((-28)/(-10))/((-10)/r). What is the highest common divisor of t and 7?
7
Let i = 32 + -21. Let x = i + 3. Let m = 1 + 13. Calculate the greatest common divisor of m and x.
14
Let z = -9 + 17. Suppose -u - 10 = 3*h, -2*u - 5*h - 4 = 12. Suppose 0 = -5*c + 3*l + 2*l + 330, -68 = -c + u*l. What is the highest common factor of c and z?
8
Let w = -48 + 78. Let z = 72 - w. Calculate the highest common divisor of z and 6.
6
Let k = 3961 + -3957. Let m = -21 - -41. Calculate the highest common factor of k and m.
4
Let p be (37/(-407) + 722/(-44))*-2. Let d be (35 + 2/(-1))/1. What is the highest common divisor of d and p?
33
Let n be 8*(341/2 + -1). Calculate the highest common divisor of 24 and n.
12
Let o be (-585)/(-12) + 11/44. Calculate the highest common factor of o and 49.
49
Let h = 1375 - 1343. What is the greatest common factor of h and 1?
1
Suppose -97*l + 70 = -96*l. Calculate the greatest common divisor of l and 170.
10
Let m(a) = 83*a + 42. Let h be m(2). Calculate the highest common divisor of h and 32.
16
Let k(s) = 16*s**3 - 2*s**2 + s. Let c be k(1). Let m = 31 - 15. Let h be (10/(-8))/(m/(-64)). Calculate the greatest common divisor of h and c.
5
Let u(q) = q**2 - 12*q - 11. Let v be u(9). Let i = 47 + v. Let l(h) = h**3 - 2*h**2 + 4*h + 4. Let r be l(5). What is the greatest common factor of r and i?
9
Suppose -63*t - 2168 = -67*t. Let v = t - 325. Calculate the highest common factor of v and 31.
31
Let q(a) = -a**2 + a - 1. Let j(o) = 2*o**2 - 4*o - 151. Let u(b) = -j(b) - 3*q(b). Let m be u(0). Calculate the greatest common divisor of 14 and m.
14
Let p(b) = 19*b**2 + 3*b - 2. Let k be p(1). Suppose -16 = -3*f + k. Calculate the greatest common divisor of f and 3.
3
Suppose -24*z - 15 = -5*g - 29*z, 2*g = 3*z - 4. What is the highest common divisor of 7 and g?
1
Let z = 64 + -62. Suppose g + 146 = 5*h, 0 = z*h + h + 5*g - 110. What is the highest common factor of 90 and h?
30
Suppose -834 = 3*v - 2154. What is the highest common divisor of v and 40?
40
Suppose 0*a = 10*a - 10. Suppose 0 = -7*u + 64 - a. Let c be 1/3 - (-430)/6. What is the highest common factor of c and u?
9
Let t be (-7744)/(-18) + 186/(-837). What is the highest common factor of t and 258?
86
Let q be 4 - (-1081)/4 - (-1)/(-4). Suppose -3*y + q = p, -p + 3*p = 3*y - 262. What is the highest common divisor of 225 and y?
45
Let w be 4/(-8)*144/(-4). Suppose 2*z - 4*l = w, 4*z - l - 51 = 2*l. What is the highest common divisor of 90 and z?
15
Let l = 71 - 11. Let c = 33 + l. What is the highest common divisor of c and 124?
31
Let q be -1*2/(2 + -4). Let k(j) = 15*j**2 - j. Let f be k(q). Suppose -3*w - 17 - 3 = -m, -m = -w - 16. Calculate the greatest common factor of m and f.
14
Let k = -70 - -88. What is the highest common divisor of k and 24?
6
Let j(y) = 75*y**2 + 2*y + 3. Let c be j(-3). Calculate the highest common factor of c and 42.
42
Let m = 123 - 111. What is the greatest common factor of 42 and m?
6
Let m(a) = -a**3 + 4*a**2 + a - 6. Let v be m(3). Let g(b) = -2*b - 18. Let f be g(-12). Calculate the greatest common factor of f and v.
6
Let o = 90 + -7. Suppose 5*j = o + 27. Suppose 0 = -0*w + 3*w + i - 95, -w + 21 = 3*i. Calculate the highest common divisor of w and j.
11
Let r = 652 - 454. Let i = r + -128. Let f(u) = -u**2 + 7*u + 40. Let b be f(10). Calculate the greatest common divisor of i and b.
10
Let u = -29 + 43. Calculate the greatest common divisor of u and 14.
14
Let p = -10 - -14. Suppose p*c + 3*t = 232, -c - 2*t + 63 = -0*c. Let f = 37 - 26. Calculate the greatest common divisor of f and c.
11
Let u = -34 - -33. Let b be (0 + 42 + u)/1. Suppose -3*n = -2*x - 1250, n - 367 - b = 5*x. Calculate the greatest common divisor of n and 38.
38
Let v = 477 + -421. What is the greatest common divisor of 1064 and v?
56
Suppose 3*q - 1 = 479. What is the greatest common factor of 70 and q?
10
Let v(m) = 3*m**3 + m**2 + m. Let q be v(-1). Let a be 0 - q - (1/(-1) + -35). Calculate the highest common divisor of 351 and a.
39
Suppose -4*l = -0*l - 12, -2*l = -3*m - 3774. Let s be m/(-14) - 38/(-133). What is the greatest common divisor of s and 18?
18
Let z be -1 - 0 - (-3 + -8). Let i(y) = -y**2 + 11*y - 3. Let u be i(z). What is the greatest common factor of 49 and u?
7
Let k be (-30)/24 - (-76351)/44. What is the highest common factor of 204 and k?
102
Suppose -3*i = -6 - 3. Suppose 0 = -i*t + 5*t. Suppose t = 5*p - p - 184. What is the highest common divisor of 23 and p?
23
Suppose -77 = 2*w - 191. What is the greatest common divisor of w and 9?
3
Suppose -13 = -c + 5*b, 5 = 3*c - 4*b - 12. Suppose c*a = d - 0*d - 103, 0 = 3*d - 2*a - 330. Calculate the greatest common factor of d and 14.
14
Let f(r) = 21*r - 10. Let u be f(1). Let h(l) = 3*l - 25. Let t be h(u). Let v be (-1 + 0)/(-1) - -7. What is the highest common divisor of t and v?
8
Let c = -1406 + 1640. Calculate the highest common divisor of 650 and c.
26
Let z = -314 + 358. What is the greatest common divisor of 110 and z?
22
Suppose -m + 172 = u, 3*m = 2*u + u + 510. Suppose -5*v = -14*v + m. Let n = 30 - v. Calculate the greatest common divisor of 11 and n.
11
Let b(q) = -336*q**3 - q**2 + 6*q + 7. Let g be b(-1). What is the highest common factor of 6 and g?
6
Let a be 2 - (-2)/(-3)*51. Let y = a - -52. Let j be (-25)/(1*4/(-8)). Calculate the greatest common divisor of y and j.
10
Let i(g) = -g**2 - 15*g - 26. Let b be i(-11). Let u(m) = 43*m - 10. Let s be u(4). Calculate the greatest common divisor of s and b.
18
Suppose 3*d + 5*s = 169, 5*d - 6*s - 289 = -7*s. Let w = -146 - -25. Let q = 208 + w. What is the highest common factor of d and q?
29
Let s be 1/(1/(-9)*-1). Suppose 13*w = 14*w - 5. Let z(y) = y**2 + y + 6. Let m be z(w). What is the highest common divisor of m and s?
9
Let y = -3285 + 3626. Let r be (-1)/((-1)/(31 + 0)). What is the greatest common divisor of r and y?
31
Let i = 35 - 33. Suppose 3*g = 3*h - 0*g - 84, 4*g + 58 = i*h. Calculate the greatest common factor of h and 3.
3
Suppose -13*f = -8*f - 245. What is the highest common divisor of 77 and f?
7
Suppose 71*o - 13007 = 65590. Calculate the greatest common divisor of 27 and o.
27
Suppose 0*t + t - 337 = -5*x, 5*t - 121 = -2*x. Let z be 0 - (-10 + -82 + -10). What is the greatest common factor of z and x?
34
Suppose 8*r = 867 + 493. Calculate the greatest common divisor of r and 935.
85
Let u be 436/22 + (-4)/(-22). Let k(z) = z**2 + z. Let j be k(-1). Suppose -2*c + 9*c - 35 = j. Calculate the greatest common divisor of c and u.
5
Let v(j) = -3*j**3 + 7*j**2 +